6*x + o = 0. Let t = x + -793. Is t composite?
False
Suppose -5*l + 3*c + 522340 = 0, 4*l + 9*c - 8*c = 417889. Is l a composite number?
False
Suppose -12*c - 69*c + 360111631 - 73254910 = 0. Is c a composite number?
False
Let p = 836984 - 373777. Is p a prime number?
True
Suppose 0 = -3*v - 22 + 28. Suppose v*g - 5*g = 3387. Let y = g + 3096. Is y composite?
True
Suppose -2*r + 59 = -3*m, 4*m + 27 = r + 2*m. Suppose -38*u = -r*u - 411. Is u prime?
False
Let h(n) = n**3 - 2*n**2 - 2*n + 2. Let t be h(0). Suppose 0 = 4*z + 2*x - 39904, t*z - 10905 - 9063 = -5*x. Is z prime?
False
Suppose -70*p - 74*p + 3235622 = -118*p. Is p prime?
True
Let o(f) = 66*f + 8 + 73*f - 89*f. Let q be o(19). Suppose 5*u = 3*u + q. Is u prime?
True
Let x = 666 + 8574. Suppose -5*y + x = -o, -7*y + 10*y - 4*o = 5561. Is y a composite number?
False
Let l(h) = 2565*h**2 - 103*h + 605. Is l(6) composite?
True
Suppose w - 2 = -2*k + 29, 5*w - 4*k - 85 = 0. Suppose -w*t - 584 = -25*t. Let j = t + 351. Is j composite?
True
Let v be 1 - ((-2)/(-23) - (-1120)/(-184)). Is (-4)/v + (-87729)/147*-7 a prime number?
True
Suppose 0 = -p + 4*s + 20, 0 = 2*s + 2 + 8. Suppose 5*m - 4*u + p*u = -391, -4*u - 59 = m. Let b = m + 164. Is b composite?
False
Suppose 19509*z = 19504*z + 105445. Is z a prime number?
True
Suppose -2*i - 14 = -0*v - 2*v, i = -5*v - 31. Is 6856/5 + i/55 a prime number?
False
Let b = 418157 - 264750. Is b a composite number?
False
Suppose -297 = 20*a - 21*a. Suppose a - 1019 = 2*c. Let u = c - -992. Is u a composite number?
False
Suppose -4*c - 5*b = 8 + 5, -5*c - 3*b = 0. Suppose -5851 = -3*f + 4*x, -c*f + x + 5850 = -2*x. Is f a composite number?
False
Suppose x - 6 - 102 = 0. Is 72/x - (-8437)/3 a composite number?
True
Suppose 2*r + r - 2*m + 28852 = 0, 0 = 4*r - 4*m + 38476. Is 1/(-3)*(r - -5) a composite number?
False
Suppose -38*p = 570653 - 3180341. Suppose 2*r + d - 19169 - 26612 = 0, -3*d - p = -3*r. Is r composite?
True
Let n = 115756 + -62771. Is n prime?
False
Let u(v) = -4*v**2 + 9*v**2 + 117 - 63 - v. Is u(-23) a prime number?
False
Let g(u) = 2*u - 9 - 11 - 15 + 6. Let x be g(16). Suppose 5*y - 2947 = -x*t, -t - 1178 = -2*y - 2*t. Is y prime?
True
Let s = 129 - 129. Suppose s = -9*p + 16*p - 2933. Is p composite?
False
Let u(w) be the second derivative of 29*w**6/720 - w**5/15 - w**4/6 - 9*w. Let l(z) be the third derivative of u(z). Is l(3) prime?
True
Let k(i) = 25*i**2 + 52*i + 3725. Is k(101) a prime number?
False
Let p(n) = -n**2 - 4*n + 23. Suppose 0 = 2*y + 4*y + 42. Let g be p(y). Suppose 0 = 2*o + g*s - 584, 4*s + 12 = 3*o - 871. Is o a prime number?
True
Suppose 2*t + 3 = 7*t + 3*n, 5*t - 11 = -n. Suppose -d + t = -1. Suppose -4*s = 12, -5*s - 5715 = -d*h - 664. Is h a composite number?
False
Suppose -2*u + 5*r = -46, 2*u - 21*r = -17*r + 42. Is u a prime number?
True
Let h = -15635 + 24870. Suppose -6*p + h + 38183 = 0. Is p a prime number?
False
Suppose 3*x = r + 79847, 57*x + 3*r + 53236 = 59*x. Is x composite?
True
Let t(h) = 24*h + 259. Let w(p) = p**2 - 6*p - 15. Let l be w(9). Is t(l) a prime number?
True
Suppose -7*s - 80 = s. Let o be s/4 + (-11)/(-22). Is o/(-3) + (-5068)/(-12) + -4 prime?
True
Let j be -3 + (-7 - 2)*2/6. Let y(a) = -38*a**2 + 10*a - 7. Let k be y(j). Is (k/10)/(2/(-4)) composite?
True
Let z(u) = 2196*u - 76. Let k(b) = -3294*b + 113. Let y(v) = -5*k(v) - 7*z(v). Is y(3) composite?
True
Let x = 34 + -32. Let i(r) = -20*r - 56. Let w be i(-19). Is (-2)/(w/(-159) + x) a composite number?
False
Let v(a) = a**2 - 7*a + 887. Suppose 9*w - 10 = 35. Suppose -3 + 2 = 2*h - y, 5*y - w = -h. Is v(h) a composite number?
False
Let w = 135 - 9. Suppose -w*p = -124*p - 8. Suppose p*t + 4175 = 5*d, -6*d = -3*d - 2*t - 2507. Is d composite?
False
Suppose 0 = 9*k - 45*k + 6004764. Is k composite?
False
Let q = -28469 + 89910. Is q a prime number?
True
Let m(x) = 10*x - 1. Let v be m(-1). Let f(g) = g + 27. Let z be f(v). Is 739 - (-4)/z*0 composite?
False
Suppose -5*o + 4*z = -81567, 12*o + 4*z = 11*o + 16347. Is o a composite number?
False
Let l = 81 + -282. Let c be -4 - l/(-1 + 0). Let v = 332 + c. Is v composite?
False
Suppose 18*l - 25*l - 7 = 0. Is ((-696)/48)/(l/178) a prime number?
False
Suppose t = -103*t + 1109264. Is t composite?
True
Let j(p) = 18*p - 17. Let h(d) = -4*d - 4. Suppose 0*b = -3*b - 9. Let i be h(b). Is j(i) prime?
True
Let h = -81551 - -135513. Is h a prime number?
False
Suppose c = -5*x - 3*c - 75, 3*x + 45 = -4*c. Is (x/(-12) - 3)*(-166 - -2) a composite number?
True
Suppose 35*v = 39*v + 45*v - 698446. Is v composite?
True
Let i be (-2)/(-15) + 381758/390. Suppose -k - 2438 - i = 0. Let y = -1714 - k. Is y prime?
False
Let v be (7783 - 1) + (1 - 1 - 2). Suppose -v = -28*w + 24*w. Is w a composite number?
True
Suppose -78*w = -70*w. Suppose 0*b + 21*b - 5271 = w. Is b prime?
True
Suppose 3*l - 40 = -2*w, -21 - 13 = -w - 5*l. Suppose 0 = 11*c - w*c - 195. Is -628*((-39)/c)/(4/(-5)) a prime number?
False
Let i be (21/14)/(1 - 1/2). Suppose -i*a - 15 = 3*l, -a = -0*a + 5*l + 13. Let r(j) = -9*j**3 + 2*j**2 + 2. Is r(a) a prime number?
True
Let n be 24 + -18 - (-2 + 6). Is 47394/27*-3*(n - 3) a prime number?
False
Suppose 2*p - 3*h = -4, 3*p - 4 = -p + 3*h. Let r be (12/p)/3*0. Is ((-2)/3 + r)/(18/(-24003)) a prime number?
False
Let b = -207050 + 328411. Is b a composite number?
True
Let m = 46 + -43. Let f be m + (-2 - -4)*2/4. Suppose f*o + 4*o = 376. Is o a composite number?
False
Suppose -15 = -3*h + 9*n - 6*n, n = 0. Suppose -j - 20152 = -h*j - x, -4*x + 25179 = 5*j. Is j prime?
True
Let z = 281 + -183. Let g = z - 54. Suppose j - g = 5. Is j composite?
True
Suppose 0 = 22*q - 13*q + 18. Let x(m) = -486*m**3 - 5*m**2 - 9*m - 5. Is x(q) a composite number?
False
Let a be ((-6)/4)/((-1)/2). Suppose -2*p + a - 5 = 0. Is 267/(-6)*(p - 1) a prime number?
True
Suppose 0 = -5*k + 12*k - 35. Suppose 0 = -k*f - 4*p + 3518 + 11909, -3092 = -f - 3*p. Is f a composite number?
False
Let l(p) = 18*p - 37. Let u be l(9). Let m be (-3 - 0 - -7)/5*u. Let g = m + 19. Is g a composite number?
True
Let h(q) = -q**3 - 9*q**2 - 5*q - 23. Let f be h(-6). Suppose -6*g + 2*g = -976. Let z = g + f. Is z prime?
False
Is (-36)/(-9) + -2 + (-1254 + -5)*-3 prime?
True
Suppose -124*h + 125*h - 2*z = 16445, -3*z + 65758 = 4*h. Is h a prime number?
False
Suppose -7*v = -372924 + 67906. Suppose -6*z = -4*z + 3*r - v, 5*r = z - 21787. Is z prime?
True
Is 333/(-27) + 12 + (-71408)/(-6) a composite number?
True
Suppose -186*i + 104500991 = 241*i. Is i a composite number?
False
Suppose 0 = -4*c + c + q + 10286, -3*q - 17150 = -5*c. Is c a composite number?
True
Suppose 17 = 7*a - 25. Suppose a*j + 0*j = 5622. Is j prime?
True
Suppose n - 5*r + 1372 = 2*n, -4*n + 3*r + 5603 = 0. Suppose 4*b = 5*d + 3616, 0 = -4*d + 6*d - 5*b + 1443. Let x = d + n. Is x a prime number?
True
Is ((-60)/120)/(1/(-5)*20/605848) prime?
True
Let b be 97/(-9) - 4/18. Let j(q) = -9*q**2 + 6*q + 20. Let z(k) = 2*k**2 - k - 5. Let c(r) = -j(r) - 4*z(r). Is c(b) a prime number?
False
Let f = 272428 + -153741. Is f a prime number?
True
Suppose -9975*b = -9963*b - 1459548. Is b composite?
True
Let u(l) = l**3 + 14*l**2 - l - 12. Let o be u(-14). Suppose -3*x - 4 = -a - 0, -o*x = -4*a + 6. Let b(s) = 1948*s + 1. Is b(a) a composite number?
False
Let q = -47 - -383. Suppose 327*u = q*u - 59301. Is u a composite number?
True
Suppose 0 = -b - 64 + 68. Let u be b/6*(-75)/10. Is 15/u - (-1544)/2 composite?
False
Suppose 0 = -5*v - 0*v - 15, 2*c = -3*v - 9. Suppose 17*r - 15171 - 85214 = c. Is r a composite number?
True
Let p(j) = 6*j**2 + 3*j + 1. Let n be p(-1). Let l be 326*(n/(-2) - 2/(-2)). Let f = -33 - l. Is f a prime number?
True
Let y(m) = 2*m**2 - 10*m - 4. Let l(n) = -5*n**2 + 21*n + 8. Let g(p) = -4*l(p) - 9*y(p). Let q be g(-4). Suppose -q*u = -u - 10043. Is u prime?
False
Suppose 0 = -w + 5*c + 9731, 3*w - 21803 = 5*c + 7390. Is w prime?
False
Let b(o) = -o**3 - 8*o**2 + o + 7. Let c be b(-8). Let y be 4/16*4 + (2 - c). Suppose -y*g + 1616 = -5*x, 0 = -5*g - x - 2*x + 2057. Is g a composite number?
False
Let d be 85272/(-72) + (-2)/3. Let c = d - -2062. Is c a composite number?
False
Let f(l) = l - 772. Let h = 90 + -88. Let m(q) = -2*q + 771. Let x(k) = 